at is the ten millions digit of 89121892?
8
What is the thousands digit of 690961173?
1
What is the hundred thousands digit of 1732511831?
5
What is the hundreds digit of 663589407?
4
What is the tens digit of 238662789?
8
What is the ten thousands digit of 849001703?
0
What is the ten thousands digit of 21757579?
5
What is the thousands digit of 84125970?
5
What is the units digit of 119398737?
7
What is the ten thousands digit of 158116407?
1
What is the thousands digit of 51062985?
2
What is the hundred millions digit of 148406991?
1
What is the hundred thousands digit of 367187202?
1
What is the hundreds digit of 63928772?
7
What is the ten thousands digit of 298014276?
1
What is the thousands digit of 21692519?
2
What is the ten thousands digit of 74028209?
2
What is the hundreds digit of 31161148?
1
What is the units digit of 44321941?
1
What is the hundred thousands digit of 70232275?
2
What is the hundred thousands digit of 57843755?
8
What is the tens digit of 919395286?
8
What is the hundreds digit of 1627187261?
2
What is the hundreds digit of 1206345794?
7
What is the units digit of 817601130?
0
What is the ten millions digit of 113232744?
1
What is the millions digit of 132680304?
2
What is the thousands digit of 823535801?
5
What is the millions digit of 611094378?
1
What is the units digit of 404290665?
5
What is the thousands digit of 1745564989?
4
What is the tens digit of 388578381?
8
What is the thousands digit of 2576962981?
2
What is the ten thousands digit of 1028327086?
2
What is the ten millions digit of 5467642285?
6
What is the ten millions digit of 11067289?
1
What is the thousands digit of 370702458?
2
What is the hundreds digit of 30378252?
2
What is the ten millions digit of 317955585?
1
What is the hundreds digit of 116136582?
5
What is the billions digit of 2624724501?
2
What is the ten thousands digit of 1971616962?
1
What is the hundred millions digit of 4251770742?
2
What is the hundred thousands digit of 1764488570?
4
What is the thousands digit of 219090814?
0
What is the tens digit of 237375690?
9
What is the billions digit of 4652535803?
4
What is the hundred thousands digit of 378320825?
3
What is the thousands digit of 1666983353?
3
What is the tens digit of 98315209?
0
What is the hundred millions digit of 5891572183?
8
What is the billions digit of 2655879902?
2
What is the thousands digit of 3733397333?
7
What is the tens digit of 2070951196?
9
What is the hundreds digit of 10699888?
8
What is the units digit of 1812016141?
1
What is the units digit of 1329692544?
4
What is the units digit of 269674862?
2
What is the tens digit of 47259207?
0
What is the hundred millions digit of 155051500?
1
What is the hundred thousands digit of 4573705?
5
What is the units digit of 120086054?
4
What is the thousands digit of 1948850837?
0
What is the thousands digit of 431809583?
9
What is the thousands digit of 27550438?
0
What is the hundreds digit of 638221764?
7
What is the hundreds digit of 21957427?
4
What is the thousands digit of 155455531?
5
What is the tens digit of 82306189?
8
What is the hundred thousands digit of 59099424?
0
What is the hundred millions digit of 1365350695?
3
What is the hundred thousands digit of 1353172291?
1
What is the billions digit of 2474619045?
2
What is the units digit of 490731089?
9
What is the thousands digit of 985310414?
0
What is the thousands digit of 31938735?
8
What is the hundred thousands digit of 59376404?
3
What is the tens digit of 5704228168?
6
What is the units digit of 351655174?
4
What is the ten millions digit of 56823533?
5
What is the thousands digit of 1243112?
3
What is the hundreds digit of 45356433?
4
What is the units digit of 27305509?
9
What is the hundred thousands digit of 1206734986?
7
What is the ten thousands digit of 364122300?
2
What is the tens digit of 12931309?
0
What is the thousands digit of 128910406?
0
What is the hundreds digit of 59232629?
6
What is the hundred millions digit of 170035432?
1
What is the ten thousands digit of 1520137826?
3
What is the millions digit of 2470219283?
0
What is the units digit of 7351858583?
3
What is the millions digit of 12981041?
2
What is the units digit of 647738741?
1
What is the millions digit of 826777665?
6
What is the thousands digit of 174178234?
8
What is the ten millions digit of 39297026?
3
What is the thousands digit of 62840281?
0
What is the tens digit of 8830926460?
6
What is the hundred thousands digit of 50809522?
8
What is the hundred thousands digit of 1265192367?
1
What is the tens digit of 36992131?
3
What is the ten thousands digit of 52399775?
9
What is the hundred thousands digit of 637779072?
7
What is the ten millions digit of 163222888?
6
What is the hundred thousands digit of 187708510?
7
What is the billions digit of 8434954765?
8
What is the ten thousands digit of 19748847?
4
What is the hundred thousands digit of 1931260742?
2
What is the millions digit of 3689949955?
9
What is the ten millions digit of 111045905?
1
What is the tens digit of 2485961004?
0
What is the thousands digit of 69838094?
8
What is the hundred thousands digit of 2680804574?
8
What is the tens digit of 34205957?
5
What is the thousands digit of 3308076063?
6
What is the millions digit of 1981303725?
1
What is the hundred thousands digit of 16680701?
6
What is the ten thousands digit of 50211372?
1
What is the millions digit of 350958193?
0
What is the tens digit of 152720788?
8
What is the hundred thousands digit of 504806198?
8
What is the thousands digit of 1873320990?
0
What is the billions digit of 1946993027?
1
What is the hundreds digit of 110926674?
6
What is the units digit of 161377521?
1
What is the ten thousands digit of 212356514?
5
What is the tens digit of 3601520740?
4
What is the units digit of 69743007?
7
What is the thousands digit of 57928676?
8
What is the millions digit of 45223624?
5
What is the tens digit of 50963242?
4
What is the ten millions digit of 4423195079?
2
What is the ten thousands digit of 209115630?
1
What is the ten thousands digit of 75561749?
6
What is the units digit of 35685136?
6
What is the tens digit of 1488060158?
5
What is the ten millions digit of 3168854875?
6
What is the hundred millions digit of 3884230662?
8
What is the thousands digit of 96284636?
4
What is the hundred thousands digit of 1188251523?
2
What is the millions digit of 175286967?
5
What is the millions digit of 12134474?
2
What is the hundred millions digit of 137759598?
1
What is the units digit of 205042169?
9
What is the ten thousands digit of 1317611568?
1
What is the thousands digit of 38526725?
6
What is the hundreds digit of 130038773?
7
What is the thousands digit of 188268155?
8
What is the hundred thousands digit of 1255080823?
0
What is the hundred thousands digit of 3071497285?
4
What is the billions digit of 3562516518?
3
What is the hundred thousands digit of 2008111055?
1
What is the hundreds digit of 375105142?
1
What is the hundreds digit of 66023971?
9
What is the hundred millions digit of 105567073?
1
What is the units digit of 1421106356?
6
What is the millions digit of 32754196?
2
What is the millions digit of 406380313?
6
What is the ten thousands digit of 1268208690?
0
What is the hundred thousands digit of 15942573?
9
What is the ten millions digit of 12327785?
1
What is the ten millions digit of 6581465868?
8
What is the tens digit of 98783666?
6
What is the billions digit of 1822625394?
1
What is the units digit of 2251680?
0
What is the hundred thousands digit of 34685755?
6
What is the hundreds digit of 36556685?
6
What is the millions digit of 228014710?
8
What is the hundred thousands digit of 145617215?
6
What is the units digit of 230718244?
4
What is the ten millions digit of 1352350758?
5
What is the hundreds digit of 912810879?
8
What is the units digit of 95670824?
4
What is the ten millions digit of 32863334?
3
What is the hundreds digit of 1406297864?
8
What is the ten millions digit of 1381626591?
8
What is the thousands digit of 163294453?
4
What is the ten thousands digit of 1279876476?
7
What is the hundred thousands digit of 434163877?
1
What is the ten millions digit of 3644642170?
4
What is the hundreds digit of 6584034846?
8
What is t